{"id":3,"date":"2023-12-06T09:38:42","date_gmt":"2023-12-06T08:38:42","guid":{"rendered":"http:\/\/agartha-paie.re\/?page_id=3"},"modified":"2025-06-30T08:09:59","modified_gmt":"2025-06-30T06:09:59","slug":"politique-de-confidentialite","status":"publish","type":"page","link":"https:\/\/www.agartha.re\/index.php\/politique-de-confidentialite\/","title":{"rendered":"Politique de confidentialit\u00e9"},"content":{"rendered":"\n\n\t<p>&nbsp;<\/p>\n<h3>Politique de confidentialit\u00e9<\/h3>\n\n<h4><strong>1. Pr\u00e9sentation du site.<\/strong><\/h4>\nEn vertu de l&rsquo;article 6 de la loi n\u00b0 2004-575 du 21 juin 2004 pour la confiance dans l&rsquo;\u00e9conomie num\u00e9rique, il est pr\u00e9cis\u00e9 aux utilisateurs du site\u00a0<a href=\"http:\/\/www.agartha-paie.re\">www.agartha-paie.re<\/a>\u00a0l&rsquo;identit\u00e9 des diff\u00e9rents intervenants dans le cadre de sa r\u00e9alisation et de son suivi :<br \/>\n<strong>Propri\u00e9taire<\/strong> : Agartha SARL &#8211; 4 rue Camille Franck Cadet &#8211; ZIE les Sables 97427 L&rsquo;ETANG-SALE.<br \/>\nT\u00e9l: 06 92 07 67 12 &#8211; mail: contact@agartha.re<br \/>\nSARL au capital de 30 000 Euros, immatricul\u00e9e 808 502 041 au RCS de Saint Denis de la R\u00e9union.<br \/>\n<strong>Cr\u00e9ateur<\/strong>\u00a0:\u00a0Agartha SARL<br \/>\n<strong>Responsable de publication<\/strong>: J\u00e9r\u00f4me GRACIA &#8211; mail: contact@agartha.re<br \/>\n<strong>H\u00e9bergeur<\/strong>\u00a0: OVH &#8211; 2 rue Kellermann &#8211; 59100 Roubaix &#8211; France\n<h4><strong>2. Conditions g\u00e9n\u00e9rales d&rsquo;utilisation du site et des services propos\u00e9s.<\/strong><\/h4>\nL&rsquo;utilisation du site\u00a0\u00a0<a title=\"\" href=\"https:\/\/www.agartha-paie.re\/\" target=\"_blank\" rel=\"noopener\">www.agartha-paie.re<\/a>\u00a0implique l&rsquo;acceptation pleine et enti\u00e8re des conditions g\u00e9n\u00e9rales d&rsquo;utilisation ci-apr\u00e8s d\u00e9crites. Ces conditions d&rsquo;utilisation sont susceptibles d&rsquo;\u00eatre modifi\u00e9es ou compl\u00e9t\u00e9es \u00e0 tout moment, les utilisateurs du site\u00a0<a title=\"\" href=\"https:\/\/www.agartha-paie.re\/\" target=\"_blank\" rel=\"noopener\">\u00a0<\/a><a href=\"https:\/\/www.agartha-paie.re\/\" target=\"_blank\" rel=\"noreferrer noopener\">www.agartha-paie.re<\/a>\u00a0sont donc invit\u00e9s \u00e0 les consulter de mani\u00e8re r\u00e9guli\u00e8re.<br \/>\nCe site est normalement accessible \u00e0 tout moment aux utilisateurs. Une interruption pour raison de maintenance technique peut \u00eatre toutefois d\u00e9cid\u00e9e par Agartha, qui s&rsquo;efforcera alors de communiquer pr\u00e9alablement aux utilisateurs les dates et heures de l&rsquo;intervention.<br \/>\nLe site\u00a0<a title=\"\" href=\"https:\/\/www.agartha-paie.re\/\" target=\"_blank\" rel=\"noopener\">www.agartha-paie.re<\/a>\u00a0est mis \u00e0 jour r\u00e9guli\u00e8rement par l&rsquo;\u00e9quipe de publication. De la m\u00eame fa\u00e7on, les mentions l\u00e9gales peuvent \u00eatre modifi\u00e9es \u00e0 tout moment : elles s&rsquo;imposent n\u00e9anmoins \u00e0 l&rsquo;utilisateur qui est invit\u00e9 \u00e0 s&rsquo;y r\u00e9f\u00e9rer le plus souvent possible afin d&rsquo;en prendre connaissance.\n<h4><strong>3. Description des services fournis.<\/strong><\/h4>\nLe site\u00a0<a title=\"\" href=\"https:\/\/www.agartha-paie.re\/\" target=\"_blank\" rel=\"noopener\">www.agartha-paie.re<\/a>\u00a0a pour objet de fournir une information concernant l&rsquo;ensemble des activit\u00e9s de la soci\u00e9t\u00e9.<br \/>\nAgartha s&rsquo;efforce de fournir sur le site\u00a0<a title=\"Home\" href=\"https:\/\/www.agartha.re\/\" target=\"_blank\" rel=\"noopener\">www.agartha-paie.re<\/a>\u00a0des informations aussi pr\u00e9cises que possible. Toutefois, il ne pourra \u00eatre tenue responsable des omissions, des inexactitudes et des carences dans la mise \u00e0 jour, qu&rsquo;elles soient de son fait ou du fait des tiers partenaires qui lui fournissent ces informations.<br \/>\nToutes les informations indiqu\u00e9es sur le site\u00a0\u00a0<a title=\"\" href=\"https:\/\/www.agartha-paie.re\/\" target=\"_blank\" rel=\"noopener\">www.agartha-paie.re<\/a> sont donn\u00e9es \u00e0 titre indicatif, et sont susceptibles d&rsquo;\u00e9voluer. Par ailleurs, les renseignements figurant sur le site\u00a0<a href=\"https:\/\/www.agartha.re\/%22%3Ewww.agartha.re%3C\/a\" target=\"_blank\" rel=\"noreferrer noopener\">\u00a0<\/a><a title=\"\" href=\"https:\/\/www.agartha-paie.re\/\" target=\"_blank\" rel=\"noopener\">www.agartha-paie.re<\/a> \u00a0ne sont pas exhaustifs. Ils sont donn\u00e9s sous r\u00e9serve de modifications ayant \u00e9t\u00e9 apport\u00e9es depuis leur mise en ligne.\n<h4><strong>4. Limitations contractuelles sur les donn\u00e9es techniques.<\/strong><\/h4>\nLe site utilise la technologie JavaScript.<br \/>\nLe site Internet ne pourra \u00eatre tenu responsable de dommages mat\u00e9riels li\u00e9s \u00e0 l&rsquo;utilisation du site. De plus, l&rsquo;utilisateur du site s&rsquo;engage \u00e0 acc\u00e9der au site en utilisant un mat\u00e9riel r\u00e9cent, ne contenant pas de virus et avec un navigateur de derni\u00e8re g\u00e9n\u00e9ration mis-\u00e0-jour.\n<h4><strong>5. Propri\u00e9t\u00e9 intellectuelle et contrefa\u00e7ons.<\/strong><\/h4>\nAgartha SARL est propri\u00e9taire des droits de propri\u00e9t\u00e9 intellectuelle ou d\u00e9tient les droits d&rsquo;usage sur tous les \u00e9l\u00e9ments accessibles sur le site, notamment les textes, images, graphismes, logo, ic\u00f4nes, sons, logiciels.<br \/>\nToute reproduction, repr\u00e9sentation, modification, publication, adaptation de tout ou partie des \u00e9l\u00e9ments du site, quel que soit le moyen ou le proc\u00e9d\u00e9 utilis\u00e9, est interdite, sauf autorisation \u00e9crite pr\u00e9alable de : Agartha SARL.<br \/>\nToute exploitation non autoris\u00e9e du site ou de l&rsquo;un quelconque des \u00e9l\u00e9ments qu&rsquo;il contient sera consid\u00e9r\u00e9e comme constitutive d&rsquo;une contrefa\u00e7on et poursuivie conform\u00e9ment aux dispositions des articles L.335-2 et suivants du Code de Propri\u00e9t\u00e9 Intellectuelle.\n<h4><strong>6. Limitations de responsabilit\u00e9.<\/strong><\/h4>\nAgartha\u00a0SARL ne pourra \u00eatre tenue responsable des dommages directs et indirects caus\u00e9s au mat\u00e9riel de l&rsquo;utilisateur, lors de l&rsquo;acc\u00e8s au site\u00a0<a title=\"\" href=\"https:\/\/www.agartha-paie.re\/\" target=\"_blank\" rel=\"noopener\">\u00a0<\/a><a href=\"https:\/\/www.agartha.re\/%22%3Ewww.agartha.re%3C\/a\" target=\"_blank\" rel=\"noreferrer noopener\">www.agartha-paie.re<\/a>, et r\u00e9sultant soit de l&rsquo;utilisation d&rsquo;un mat\u00e9riel ne r\u00e9pondant pas aux sp\u00e9cifications indiqu\u00e9es au point 4, soit de l&rsquo;apparition d&rsquo;un bug ou d&rsquo;une incompatibilit\u00e9.<br \/>\nAgartha SARL ne pourra \u00e9galement \u00eatre tenue responsable des dommages indirects (tels par exemple qu&rsquo;une perte de march\u00e9 ou perte d&rsquo;une chance) cons\u00e9cutifs \u00e0 l&rsquo;utilisation du site\u00a0<a title=\"\" href=\"https:\/\/www.agartha-paie.re\/\" target=\"_blank\" rel=\"noopener\">www.agartha-paie.re<\/a>.<br \/>\nDes espaces interactifs (possibilit\u00e9 de poser des questions dans l&rsquo;espace contact) sont \u00e0 la disposition des utilisateurs. Agartha SARL se r\u00e9serve le droit de supprimer, sans mise en demeure pr\u00e9alable, tout contenu d\u00e9pos\u00e9 dans cet espace qui contreviendrait \u00e0 la l\u00e9gislation applicable en France, en particulier aux dispositions relatives \u00e0 la protection des donn\u00e9es. Le cas \u00e9ch\u00e9ant, Agartha SARL se r\u00e9serve \u00e9galement la possibilit\u00e9 de mettre en cause la responsabilit\u00e9 civile et\/ou p\u00e9nale de l&rsquo;utilisateur, notamment en cas de message \u00e0 caract\u00e8re raciste, injurieux, diffamant, ou pornographique, quel que soit le support utilis\u00e9 (texte, photographie&#8230;).\n<h4><strong>7. Gestion des donn\u00e9es personnelles.<\/strong><\/h4>\nEn France, les donn\u00e9es personnelles sont notamment prot\u00e9g\u00e9es par la loi n\u00b0 78-87 du 6 janvier 1978, la loi n\u00b0 2004-801 du 6 ao\u00fbt 2004, l&rsquo;article L. 226-13 du Code p\u00e9nal et la Directive Europ\u00e9enne du 24 octobre 1995.<br \/>\nA l&rsquo;occasion de l&rsquo;utilisation du site\u00a0<a href=\"https:\/\/www.agartha.re\/%22%3Ewww.agartha.re%3C\/a\" target=\"_blank\" rel=\"noreferrer noopener\">www.agartha-paie.re<\/a>, peuvent \u00eatres recueillies : l&rsquo;URL des liens par l&rsquo;interm\u00e9diaire desquels l&rsquo;utilisateur a acc\u00e9d\u00e9 au site\u00a0<a href=\"https:\/\/www.agartha.re\/%22%3Ewww.agartha.re%3C\/a\" target=\"_blank\" rel=\"noreferrer noopener\">www.agartha-paie.re<\/a>, le fournisseur d&rsquo;acc\u00e8s de l&rsquo;utilisateur, l&rsquo;adresse de protocole Internet (IP) de l&rsquo;utilisateur.<br \/>\nEn tout \u00e9tat de cause Agartha SARL ne collecte des informations personnelles relatives \u00e0 l&rsquo;utilisateur que pour le besoin de certains services propos\u00e9s par le site\u00a0<a href=\"https:\/\/www.agartha.re\/%22%3Ewww.agartha.re%3C\/a\" target=\"_blank\" rel=\"noreferrer noopener\">www.agartha-paie.re<\/a>. L&rsquo;utilisateur fournit ces informations en toute connaissance de cause, notamment lorsqu&rsquo;il proc\u00e8de par lui-m\u00eame \u00e0 leur saisie. Il est alors pr\u00e9cis\u00e9 \u00e0 l&rsquo;utilisateur du site\u00a0<a href=\"https:\/\/www.agartha.re\/%22%3Ewww.agartha.re%3C\/a\" target=\"_blank\" rel=\"noreferrer noopener\">www.agartha-paie.re<\/a>\u00a0l&rsquo;obligation ou non de fournir ces informations.<br \/>\nConform\u00e9ment aux dispositions des articles 38 et suivants de la loi 78-17 du 6 janvier 1978 relative \u00e0 l&rsquo;informatique, aux fichiers et aux libert\u00e9s, tout utilisateur dispose d&rsquo;un droit d&rsquo;acc\u00e8s, de rectification et d&rsquo;opposition aux donn\u00e9es personnelles le concernant, en effectuant sa demande \u00e9crite et sign\u00e9e, accompagn\u00e9e d&rsquo;une copie du titre d&rsquo;identit\u00e9 avec signature du titulaire de la pi\u00e8ce, en pr\u00e9cisant l&rsquo;adresse \u00e0 laquelle la r\u00e9ponse doit \u00eatre envoy\u00e9e.<br \/>\nAucune information personnelle de l&rsquo;utilisateur du site\u00a0<a href=\"https:\/\/www.agartha.re\/%22%3Ewww.agartha.re%3C\/a\" target=\"_blank\" rel=\"noreferrer noopener\">www.agartha-paie.re<\/a>\u00a0n&rsquo;est publi\u00e9e \u00e0 l&rsquo;insu de l&rsquo;utilisateur, \u00e9chang\u00e9e, transf\u00e9r\u00e9e, c\u00e9d\u00e9e ou vendue sur un support quelconque \u00e0 des tiers. Seule l&rsquo;hypoth\u00e8se du rachat de Agartha SARL et de ses droits permettrait la transmission des dites informations \u00e0 l&rsquo;\u00e9ventuel acqu\u00e9reur qui serait \u00e0 son tour tenu de la m\u00eame obligation de conservation et de modification des donn\u00e9es vis \u00e0 vis de l&rsquo;utilisateur du site\u00a0<a href=\"https:\/\/www.agartha.re\/%22%3Ewww.agartha.re%3C\/a\" target=\"_blank\" rel=\"noreferrer noopener\">www.agartha-paie.re<\/a>.<br \/>\nLe site n&rsquo;est pas d\u00e9clar\u00e9 \u00e0 la CNIL car il ne recueille pas d&rsquo;informations personnelles.<br \/>\nLes bases de donn\u00e9es sont prot\u00e9g\u00e9es par les dispositions de la loi du 1er juillet 1998 transposant la directive 96\/9 du 11 mars 1996 relative \u00e0 la protection juridique des bases de donn\u00e9es.\n<h4><strong>7 &#8211; 1 . Formulaire de collecte de donn\u00e9es.<\/strong><\/h4>\n<p>Les informations port\u00e9es sur les formulaires pr\u00e9sents sur ce site font l&rsquo;objet d&rsquo;un traitement informatis\u00e9 destin\u00e9 \u00e0 personnaliser le service de r\u00e9ponse et de contact. Le destinataire des donn\u00e9es est le site\u00a0<a title=\"\" href=\"https:\/\/www.agartha-paie.re\/\">www.agartha-paie.re.<\/a><\/p>\n<p>Conform\u00e9ment \u00e0 la loi \u00ab informatique et libert\u00e9s \u00bb du 6 janvier 1978 modifi\u00e9e, vous b\u00e9n\u00e9ficiez d&rsquo;un droit d&rsquo;acc\u00e8s et de rectification aux informations qui vous concernent. Si vous souhaitez exercer ce droit et obtenir communication des informations vous concernant, veuillez vous adresser \u00e0 notre DPO, J\u00e9r\u00f4me GRACIA, dpo@agartha.re, responsable du traitement.<\/p>\n<h4><strong>8. Liens hypertextes et cookies.<\/strong><\/h4>\nLe site\u00a0<a title=\"\" href=\"https:\/\/www.agartha-paie.re\/\" target=\"_blank\" rel=\"noopener\">www.agartha-paie.re<\/a>\u00a0contient un certain nombre de liens hypertextes vers d&rsquo;autres sites, mis en place avec l&rsquo;autorisation de Agartha SARL. Cependant, Agartha\u00a0SARL n&rsquo;a pas la possibilit\u00e9 de v\u00e9rifier le contenu des sites ainsi visit\u00e9s, et n&rsquo;assumera en cons\u00e9quence aucune responsabilit\u00e9 de ce fait.<br \/>\nLa navigation sur le site\u00a0<a title=\"\" href=\"https:\/\/www.agartha-paie.re\/\" target=\"_blank\" rel=\"noopener\">www.agartha-paie.re<\/a>\u00a0est susceptible de provoquer l&rsquo;installation de cookie(s) sur l&rsquo;ordinateur de l&rsquo;utilisateur. Un cookie est un fichier de petite taille, qui ne permet pas l&rsquo;identification de l&rsquo;utilisateur, mais qui enregistre des informations relatives \u00e0 la navigation d&rsquo;un ordinateur sur un site. Les donn\u00e9es ainsi obtenues visent \u00e0 faciliter la navigation ult\u00e9rieure sur le site, et ont \u00e9galement vocation \u00e0 permettre diverses mesures de fr\u00e9quentation.\nLe refus d&rsquo;installation d&rsquo;un cookie peut entra\u00eener l&rsquo;impossibilit\u00e9 d&rsquo;acc\u00e9der \u00e0 certains services. L&rsquo;utilisateur peut toutefois configurer son ordinateur de la mani\u00e8re suivante, pour refuser l&rsquo;installation des cookies :<br \/>\n<em>Sous Internet Explorer<\/em>\u00a0: onglet outil (pictogramme en forme de rouage en haut a droite) \/ options internet. Cliquez sur Confidentialit\u00e9 et choisissez Bloquer tous les cookies. Validez sur Ok.<br \/>\n<em>Sous Firefox<\/em>\u00a0: en haut de la fen\u00eatre du navigateur, cliquez sur le bouton Firefox, puis aller dans l&rsquo;onglet Options. Cliquer sur l&rsquo;onglet Vie priv\u00e9e.<br \/>\nParam\u00e9trez les R\u00e8gles de conservation sur :\u00a0 utiliser les param\u00e8tres personnalis\u00e9s pour l&rsquo;historique. Enfin d\u00e9cochez-la pour\u00a0 d\u00e9sactiver les cookies.<br \/>\n<em>Sous Safari<\/em>\u00a0: Cliquez en haut \u00e0 droite du navigateur sur le pictogramme de menu (symbolis\u00e9 par un rouage). S\u00e9lectionnez Param\u00e8tres. Cliquez sur Afficher les param\u00e8tres avanc\u00e9s. Dans la section \u00ab\u00a0Confidentialit\u00e9\u00a0\u00bb, cliquez sur Param\u00e8tres de contenu. Dans la section \u00ab\u00a0Cookies\u00a0\u00bb, vous pouvez bloquer les cookies.<br \/>\n<em>Sous Chrome<\/em>\u00a0: Cliquez en haut \u00e0 droite du navigateur sur le pictogramme de menu (symbolis\u00e9 par trois lignes horizontales). S\u00e9lectionnez Param\u00e8tres. Cliquez sur Afficher les param\u00e8tres avanc\u00e9s. Dans la section \u00ab\u00a0Confidentialit\u00e9\u00a0\u00bb, cliquez sur pr\u00e9f\u00e9rences.\u00a0 Dans l&rsquo;onglet \u00ab\u00a0Confidentialit\u00e9\u00a0\u00bb, vous pouvez bloquer les cookies.\n<h4><strong>9. Droit applicable et attribution de juridiction.<\/strong><\/h4>\n<p>Tout litige en relation avec l&rsquo;utilisation du site\u00a0<a title=\"\" href=\"https:\/\/www.agartha-paie.re\/\" target=\"_blank\" rel=\"noopener\">www.agartha-paie.re<\/a>\u00a0est soumis au droit fran\u00e7ais. Il est fait attribution exclusive de juridiction aux tribunaux comp\u00e9tents de Paris.<\/p>\n<h4><strong>10. Les principales lois concern\u00e9es.<\/strong><\/h4>\nLoi n\u00b0 78-17 du 6 janvier 1978, notamment modifi\u00e9e par la loi n\u00b0 2004-801 du 6 ao\u00fbt 2004 relative \u00e0 l&rsquo;informatique, aux fichiers et aux libert\u00e9s.<br \/>\nLoi n\u00b0 2004-575 du 21 juin 2004 pour la confiance dans l&rsquo;\u00e9conomie num\u00e9rique.\n<h4><strong>11. Lexique.<\/strong><\/h4>\nUtilisateur : Internaute se connectant, utilisant le site susnomm\u00e9.<br \/>\nInformations personnelles : \u00ab les informations qui permettent, sous quelque forme que ce soit, directement ou non, l&rsquo;identification des personnes physiques auxquelles elles s&rsquo;appliquent \u00bb (article 4 de la loi n\u00b0 78-17 du 6 janvier 1978).\n<h4><strong>12. Documents administratifs t\u00e9l\u00e9chargeables.<\/strong><\/h4>\n<p>&nbsp;<\/p>\n<p><a title=\"\" href=\"https:\/\/drive.google.com\/file\/d\/1M5FAnlxiqEj-VYIhyPlCgyeujXQQ9PDi\/view?usp=sharing\" target=\"_blank\" rel=\"noopener\">Extrait K-BIS<\/a><\/p>\n<p><a title=\"\" href=\"https:\/\/drive.google.com\/file\/d\/1MX__ltWVO_0Cjmrb7mEBpz79S2ipnjk0\/view?usp=sharing\" target=\"_blank\" rel=\"noopener\">Responsabilit\u00e9 Civile Pro<\/a><\/p>\n<p><a title=\"\" href=\"https:\/\/drive.google.com\/file\/d\/1MOlv3kqh4HPb8TR4_U2TVQdKFjVZU2D9\/view?usp=sharing\" target=\"_blank\" rel=\"noopener\">Attestation Fiscale<\/a><\/p>\n<p><a title=\"\" href=\"https:\/\/drive.google.com\/file\/d\/1MhgTrTNaXEFUD_nYacrjUF3WDF31uz64\/view?usp=sharing\" target=\"_blank\" rel=\"noopener\">Attestation de Vigilance<\/a><\/p>\n<p><a title=\"\" href=\"https:\/\/drive.google.com\/file\/d\/1MRR2YMhTmZxyTdmjSytnC9SFTgteqvJ7\/view?usp=sharing\" target=\"_blank\" rel=\"noopener\">Attestation de non-emploi de travailleurs \u00e9trangers<\/a><\/p>\n<p>L&rsquo;adresse de notre site est\u00a0: http:\/\/agartha-paie.re.<\/p>\n<p><em><strong>Cr\u00e9dits<\/strong>\u00a0: Le mod\u00e8le de mentions l\u00e9gales est offert par\u00a0<\/em><a href=\"https:\/\/www.subdelirium.com\/generateur-de-mentions-legales\/\" target=\"_blank\" rel=\"noreferrer noopener\"><em>Subdelirium.com<\/em><\/a><\/p>\n\n","protected":false},"excerpt":{"rendered":"<p>&nbsp; Politique de confidentialit\u00e9 1. Pr\u00e9sentation du site. En vertu de l&rsquo;article 6 de la loi n\u00b0 2004-575 du 21 juin 2004 pour la confiance dans l&rsquo;\u00e9conomie num\u00e9rique, il est pr\u00e9cis\u00e9 aux utilisateurs du site\u00a0www.agartha-paie.re\u00a0l&rsquo;identit\u00e9 des diff\u00e9rents intervenants dans le cadre de sa r\u00e9alisation et de son suivi : Propri\u00e9taire : Agartha SARL &#8211; 4 [&hellip;]<\/p>\n","protected":false},"author":1,"featured_media":0,"parent":0,"menu_order":0,"comment_status":"closed","ping_status":"open","template":"","meta":{"_crdt_document":"","om_disable_all_campaigns":false,"_monsterinsights_skip_tracking":false,"_monsterinsights_sitenote_active":false,"_monsterinsights_sitenote_note":"","_monsterinsights_sitenote_category":0,"_uf_show_specific_survey":0,"_uf_disable_surveys":false,"site-sidebar-layout":"default","site-content-layout":"","ast-site-content-layout":"default","site-content-style":"default","site-sidebar-style":"default","ast-global-header-display":"","ast-banner-title-visibility":"","ast-main-header-display":"","ast-hfb-above-header-display":"","ast-hfb-below-header-display":"","ast-hfb-mobile-header-display":"","site-post-title":"","ast-breadcrumbs-content":"","ast-featured-img":"","footer-sml-layout":"","theme-transparent-header-meta":"","adv-header-id-meta":"","stick-header-meta":"","header-above-stick-meta":"","header-main-stick-meta":"","header-below-stick-meta":"","astra-migrate-meta-layouts":"set","ast-page-background-enabled":"default","ast-page-background-meta":{"desktop":{"background-color":"","background-image":"","background-repeat":"repeat","background-position":"center center","background-size":"auto","background-attachment":"scroll","background-type":"","background-media":"","overlay-type":"","overlay-color":"","overlay-opacity":"","overlay-gradient":""},"tablet":{"background-color":"","background-image":"","background-repeat":"repeat","background-position":"center center","background-size":"auto","background-attachment":"scroll","background-type":"","background-media":"","overlay-type":"","overlay-color":"","overlay-opacity":"","overlay-gradient":""},"mobile":{"background-color":"","background-image":"","background-repeat":"repeat","background-position":"center center","background-size":"auto","background-attachment":"scroll","background-type":"","background-media":"","overlay-type":"","overlay-color":"","overlay-opacity":"","overlay-gradient":""}},"ast-content-background-meta":{"desktop":{"background-color":"var(--ast-global-color-5)","background-image":"","background-repeat":"repeat","background-position":"center center","background-size":"auto","background-attachment":"scroll","background-type":"","background-media":"","overlay-type":"","overlay-color":"","overlay-opacity":"","overlay-gradient":""},"tablet":{"background-color":"var(--ast-global-color-5)","background-image":"","background-repeat":"repeat","background-position":"center center","background-size":"auto","background-attachment":"scroll","background-type":"","background-media":"","overlay-type":"","overlay-color":"","overlay-opacity":"","overlay-gradient":""},"mobile":{"background-color":"var(--ast-global-color-5)","background-image":"","background-repeat":"repeat","background-position":"center center","background-size":"auto","background-attachment":"scroll","background-type":"","background-media":"","overlay-type":"","overlay-color":"","overlay-opacity":"","overlay-gradient":""}},"_jet_sm_ready_style":"","_jet_sm_style":"","_jet_sm_controls_values":"","_jet_sm_fonts_collection":"","_jet_sm_fonts_links":"","footnotes":""},"class_list":["post-3","page","type-page","status-publish","hentry"],"aioseo_notices":[],"featured_image_src":null,"_links":{"self":[{"href":"https:\/\/www.agartha.re\/index.php\/wp-json\/wp\/v2\/pages\/3","targetHints":{"allow":["GET"]}}],"collection":[{"href":"https:\/\/www.agartha.re\/index.php\/wp-json\/wp\/v2\/pages"}],"about":[{"href":"https:\/\/www.agartha.re\/index.php\/wp-json\/wp\/v2\/types\/page"}],"author":[{"embeddable":true,"href":"https:\/\/www.agartha.re\/index.php\/wp-json\/wp\/v2\/users\/1"}],"replies":[{"embeddable":true,"href":"https:\/\/www.agartha.re\/index.php\/wp-json\/wp\/v2\/comments?post=3"}],"version-history":[{"count":12,"href":"https:\/\/www.agartha.re\/index.php\/wp-json\/wp\/v2\/pages\/3\/revisions"}],"predecessor-version":[{"id":24828,"href":"https:\/\/www.agartha.re\/index.php\/wp-json\/wp\/v2\/pages\/3\/revisions\/24828"}],"wp:attachment":[{"href":"https:\/\/www.agartha.re\/index.php\/wp-json\/wp\/v2\/media?parent=3"}],"curies":[{"name":"wp","href":"https:\/\/api.w.org\/{rel}","templated":true}]}}